mainder when i is divided by (32/40)/(4/50)?
9
What is the remainder when 53 is divided by 112/(-12)*9/(-12)?
4
Let d(w) = -w**3 + 4*w**2 + w - 2. Suppose 0 = -5*f + 24 + 126. What is the remainder when f is divided by d(2)?
6
What is the remainder when 42 is divided by -3*(-16)/6 + 3?
9
Suppose 21 = 5*o - 4. Let f(x) = 2*x**2 - 6*x - 6. Let r = 13 - 8. What is the remainder when f(o) is divided by r?
4
Let c(n) = n**2 - 6*n - 4. What is the remainder when 13 is divided by c(7)?
1
Suppose 2*y = 4 + 4. Suppose y*h + 3 = -5. Let l(i) = -16*i - 3. What is the remainder when l(h) is divided by 15?
14
Let f be (-3)/(-12) + (-36)/16. What is the remainder when 49 is divided by (1 + f)*91/(-7)?
10
Let h(y) = -8*y - 41. What is the remainder when h(-19) is divided by 29?
24
Suppose z + 16 + 6 = 5*g, 5*z = 4*g - 26. Calculate the remainder when 9 is divided by g.
1
Let s = 0 - 2. Let o = s - -4. Let x = 5 - o. What is the remainder when 8 is divided by x?
2
What is the remainder when 26 is divided by 9*(2 - 3/3)?
8
Let w = -3 + 36. Calculate the remainder when w is divided by 12.
9
Suppose -7*r + 5*r = 0. Suppose 5*f - 6*o - 190 = -o, 2*f = -4*o + 82. Suppose r*g = -3*g + f. Calculate the remainder when 24 is divided by g.
11
Suppose -3 = -3*q + 12. Suppose 5*g - 4 - 44 = -3*n, -80 = -q*n - 5*g. What is the remainder when 14 is divided by (-7)/(-2) - (-8)/n?
2
Let o(n) = -n + 21. Let j be (0 + 0)/((-2)/(-2)). Let s be o(j). Let m = s + 25. What is the remainder when m is divided by 16?
14
Let c(o) be the third derivative of o**5/60 - o**4/24 - o**3/6 - 2*o**2. Calculate the remainder when 12 is divided by c(-2).
2
Let r(t) = t**2 + 4*t - 6. Suppose 3*q + 5*n = 4*q + 6, 0 = 4*q - 4*n - 8. What is the remainder when r(q) is divided by (-3)/((-48)/14 - -3)?
5
Suppose 2*m - 344 = -2*m. Suppose -k + m = k. What is the remainder when k is divided by 16?
11
Let x = 7 - -42. Suppose 5*o - 90 = 5*f, 3*f = -f - 20. What is the remainder when x is divided by o?
10
Let s be 46 + (3/(-1) - -2). Suppose 4*m - s = 7. Let x(j) = 4*j**3 + 2*j**2 - j. What is the remainder when x(2) is divided by m?
12
Let x(r) = r**3 + r + 3. Let u be x(-3). Let f(q) = -5*q**3 - q**2 - 2*q - 2. Let g be f(-2). Let o = u + g. Calculate the remainder when 21 is divided by o.
10
Calculate the remainder when ((-38)/(-10) + 7/35)*16 is divided by 34.
30
Suppose 0 = g + 1 - 3. Let u(y) = 5*y + 6*y + 0 + 1 - g*y. Calculate the remainder when u(2) is divided by 5.
4
Let r(q) = -2*q**2 - 5*q - 2. Let b be r(-3). Let s = 9 + b. What is the remainder when 24/108 + 3/(27/88) is divided by s?
2
Suppose 3*u = -b + 11, 0 = 3*b - 3*u + 17 - 74. What is the remainder when b is divided by (3/4)/((-5)/(-60))?
8
Suppose w = 5*w + 24. Let l(z) = 4*z**2 + 2*z - 3. Let m be l(w). Suppose 7*q - m = 4*q. What is the remainder when q is divided by 15?
13
Suppose -6*f - 3*s = -7*f + 56, 2*s + 116 = 2*f. Suppose 2*i - 60 = -3*i. Calculate the remainder when f is divided by i.
11
Let p(k) be the first derivative of 10*k**3/3 - 3*k**2/2 + k + 3. What is the remainder when p(2) is divided by 18?
17
Let w(g) = 16*g + 1. Let n be w(-1). Let i(r) = r + 26. Calculate the remainder when 41 is divided by i(n).
8
Let w be (-2)/4 + 85/10. Let s(t) = t**3 - 8*t**2 + 2*t - 8. Calculate the remainder when 23 is divided by s(w).
7
What is the remainder when -6*-1*2 - 1 is divided by (0 - 0)/(-2) + 6?
5
Let p(f) = -38*f**3 + 2*f + 1. Calculate the remainder when p(-1) is divided by 20.
17
Suppose 0 = -2*b + 5*b - 114. Let x = 31 + -15. Let q = x - -4. What is the remainder when b is divided by q?
18
Calculate the remainder when 14 is divided by 4*(0 - (-2 - -1)).
2
Suppose -139 = -3*h - 2*f, -2*h + 4*h - 2*f = 106. What is the remainder when h is divided by (-8)/4 + 16 + -1?
10
Suppose l = -v - 32, 0 = v - 5*l + 8 + 12. Let q = v - -45. Suppose -2*n + 62 = -2*c, -3*n - n + 110 = 3*c. What is the remainder when n is divided by q?
14
Suppose -3*m = m + 24. Calculate the remainder when 33 + m + 3 + 2 is divided by 9.
5
Suppose -35 + 12 = -b. Calculate the remainder when (-2 - -1)*b*-3 is divided by 18.
15
Calculate the remainder when 59/1 + 3 + -3 is divided by 20.
19
Suppose 2*l = 44 + 16. What is the remainder when l is divided by 8?
6
Let q = -120 - -128. What is the remainder when 27 is divided by q?
3
Let q(j) = -3*j**2 + 5*j**2 - 4*j**3 + 0*j + j - 3*j**2 + 1. Let x be q(-1). Suppose 2*o - x - 5 = 0. Calculate the remainder when 10 is divided by o.
2
Let u be -1 - (36 - 1/1). Suppose 4*j - 4*x = 12, -2*j - 4*x = -4*j + 4. What is the remainder when (-2)/9 + (-404)/u is divided by j?
3
Let r(h) = -4*h**3 - 2*h**2 - 2. Calculate the remainder when 85 is divided by r(-2).
19
Suppose 0 = 5*c + 4 - 44. Let f be (-4 - 10)*6/(-7). Let n = c + f. Calculate the remainder when n is divided by 11.
9
Calculate the remainder when (-10 - -9) + 140/2 is divided by 18.
15
Suppose -4*q + 29 = 5*j - 151, -2*q = j - 36. What is the remainder when j is divided by 13?
10
Suppose -o + c = 4*c - 155, -o + 150 = 2*c. What is the remainder when o is divided by 48?
44
Let q = 116 + -168. Let r = q + 83. Suppose 0 = 4*h + 26 - 6, 5*d + 4*h - 35 = 0. What is the remainder when r is divided by d?
9
Suppose 3*m - 12 = -2*h + 7*h, -4*h = 2*m - 8. Suppose 4*q + 2*k = -5 + 27, -2*k = -m*q + 26. What is the remainder when q is divided by 4?
2
What is the remainder when (-72)/(-2) + (-3 - -1) is divided by 12?
10
What is the remainder when 4 is divided by (0 - 4)*(2/8)/(-1)?
0
Suppose 0 = 5*i, 3*u - 6*i + 2*i - 60 = 0. Suppose 6*m - 95 - 133 = 0. What is the remainder when m is divided by u?
18
Suppose -7*t + 4*t = -21. What is the remainder when 19 is divided by t?
5
Let c(n) be the second derivative of n**4/12 - n**3/6 + 23*n**2/2 + 2*n. Suppose 4*b = 9*b. What is the remainder when c(b) is divided by 12?
11
Suppose 0 = 3*x + 5*a - 23 - 31, 4*x + 2*a - 58 = 0. Calculate the remainder when 35 is divided by x.
9
Let a be (10/5)/((-4)/(-10)). Suppose 0 = -4*l + 4*i + 100, -i - 10 = -a*l + 123. What is the remainder when l is divided by (1 + 0)*-2 + 17?
12
Let n be 42 + 2 + -3 - 1. Suppose 0 = -0*s - 2*s + n. Suppose -5*i + 59 - 23 = w, i - 3*w = s. What is the remainder when 22 is divided by i?
6
Suppose 4*u = 101 + 67. Suppose 23 = s + 5*k, 5*s + 4*k - 7*k - 199 = 0. Let r = s + -16. Calculate the remainder when u is divided by r.
20
What is the remainder when (1 + 0)/((-27)/(-378)) is divided by 9?
5
Let s(z) = z**3 - z**2 - 3*z + 5. Let d be s(2). Suppose -4*l + 3*i = -90, 0 = d*i + 5 + 1. What is the remainder when 41 is divided by l?
20
Let f(k) = k**3 + 10*k**2 + 8*k + 2. Let i be (-5)/(3/(-6)*2). Suppose -q = i + 4. Calculate the remainder when 19 is divided by f(q).
8
Suppose 0 = -2*r - 45 + 53. What is the remainder when 5 is divided by r?
1
Let s = 107 + -29. What is the remainder when s is divided by 27?
24
Let n(b) = -3*b**2 - 4*b - 6. Let p(j) = j**2 + j + 1. Let u(h) = -n(h) - 4*p(h). Calculate the remainder when u(0) is divided by 2.
0
Let q = 17 + -3. Calculate the remainder when 41 is divided by q.
13
Suppose -2*p + 3*x + 97 = 0, 4*x = 4*p - 121 - 63. Let y be -1 + -1 - (0 - 23). Let l = 35 - y. Calculate the remainder when p is divided by l.
13
Let l(f) = 5 - 14*f**2 - 10*f + 23*f**2 - 10*f**2. Calculate the remainder when 39 is divided by l(-8).
18
Suppose 3*m - r - 34 = 0, 5*r = 3*m - 21 - 17. Calculate the remainder when 26 is divided by m.
4
Suppose 3*n - d = 233, 3*d + 0*d + 160 = 2*n. What is the remainder when n is divided by 20?
17
Suppose 0 = -12*r + 9*r + 15. Calculate the remainder when 16 is divided by r.
1
Let s(r) be the second derivative of -r**5/20 + r**3/6 - r**2 + 3*r. What is the remainder when 7 is divided by s(-2)?
3
Suppose -3*a - 4*k = -112, -2*k = 2*a - 5*k - 69. Suppose 4*y = 5*z + 52, 5*y + 0*y - 65 = z. Calculate the remainder when a is divided by y.
10
Let s be 1/2*(-3 + 5). Let w(t) = 9*t. Calculate the remainder when w(s) is divided by 5.
4
Suppose -3*p = 0, -5*o + 0*p = p - 75. Calculate the remainder when 72 is divided by o.
12
Calculate the remainder when 84 is divided by (-522)/(-6)*(-1)/(-3).
26
Suppose -2*c - 3*c + 70 = 0. Calculate the remainder when 41 is divided by c.
13
Suppose o - w = 7, 5*w - 51 =